= -11*o**2 - 481*o - 1448. Determine f(-3).
-104
Let d(i) = i**2 + 66*i + 923. What is d(-20)?
3
Let q(s) = -408*s + 2485. Determine q(6).
37
Let i(n) = 6*n + 287. What is i(-34)?
83
Let l(g) = g**3 - 40*g**2 + 115*g - 109. Give l(37).
39
Let i(p) = 2*p**2 - 11*p + 6. Calculate i(5).
1
Let d(h) = -13*h**2 + 61*h + 15. Give d(4).
51
Let i(z) = -z**3 + 13*z**2 - 17*z - 5. Give i(9).
166
Let v(b) = b**3 - 51*b**2 - 105*b - 48. Determine v(53).
5
Let k(m) = m**3 - 59*m**2 + 475*m + 155. Determine k(10).
5
Let a(d) = -15*d**2 + 15*d - 5. Give a(1).
-5
Let i(y) = y**3 + 122*y**2 + 160*y - 9567. Determine i(-120).
33
Let f(d) = -10*d**3 - 23*d**2 + 6*d - 3. What is f(1)?
-30
Let p(x) = 2*x**2 + 11*x - 137. Give p(7).
38
Let k(l) = 6*l**2 + l - 65. Give k(9).
430
Let j(q) = q**2 + 19*q + 89. Calculate j(-5).
19
Let t(q) = 66*q + 727. Calculate t(-11).
1
Let q(d) = d**3 + 33*d**2 + 260*d - 201. Determine q(-17).
3
Let n(w) = -w**3 + 14*w**2 + 204*w - 1. What is n(-9)?
26
Let k(d) = d**3 - 21*d**2 - 68*d + 8. Give k(-3).
-4
Let l(m) = 7*m**2 - 483*m + 9. Calculate l(69).
9
Let k(j) = -j + 20. Determine k(15).
5
Let w(z) = 100*z + 66. Determine w(-1).
-34
Let c(f) = -f**3 - 57*f**2 - 353*f - 144. Give c(-50).
6
Let n(q) = 372*q + 36017. Calculate n(-97).
-67
Let x(t) = 4*t**3 + 77*t**2 + 19*t - 13. Give x(-19).
-13
Let a(p) = p**3 + 37*p**2 + 223*p + 12. Calculate a(-7).
-79
Let r(j) = j**2 + 881*j + 7858. Determine r(-9).
10
Let m(u) = 90*u**2 + 1443*u + 37. Give m(-16).
-11
Let x(f) = -8*f**2 + 2*f + 20. Give x(-6).
-280
Let h(c) = -298*c + 7259. Give h(24).
107
Let j(c) = c**3 + 18*c**2 - 15*c - 528. What is j(-17)?
16
Let n(x) = x**2 + 6*x - 14. Calculate n(-10).
26
Let p(o) = 3*o + 29. What is p(15)?
74
Let l(t) = t**3 + t**2 - 939*t - 273. What is l(-31)?
6
Let z(g) = -72*g**2 + 23*g + 7. What is z(1)?
-42
Let d(v) = -v**3 - 8*v**2 + 46*v + 166. What is d(-11)?
23
Let a(i) = i**3 - 40*i**2 + 283*i + 147. Give a(10).
-23
Let o(h) = -10*h**3 + 4*h**2 - 5*h + 43. Determine o(5).
-1132
Let f(s) = 9*s**2 + s + 8. Calculate f(0).
8
Let c(z) = -z**3 - 10*z**2 + 23*z - 4. Determine c(-10).
-234
Let y(n) = -n**3 + 51*n**2 - 97*n + 2375. Determine y(50).
25
Let y(p) = -3*p**2 + 169*p - 625. What is y(4)?
3
Let y(g) = 15*g - 817. Give y(51).
-52
Let q(n) = -100*n + 354. Determine q(3).
54
Let y(n) = 5*n**2 - 21*n - 269. What is y(10)?
21
Let k(x) = 490*x - 8802. What is k(18)?
18
Let t(n) = -2*n**2 - n + 112. Give t(9).
-59
Let g(u) = -u**3 - 33*u**2 - 34*u - 22. Give g(-32).
42
Let o(u) = -37*u**3 + 4*u**2 + 5*u + 1. Give o(2).
-269
Let y(m) = -56*m**2 + 272*m - 10. Give y(5).
-50
Let k(i) = i**3 - 2*i**2 + 6*i + 234. Determine k(0).
234
Let k(g) = 3*g**2 - 294*g - 929. Give k(101).
-20
Let n(z) = 3*z**3 - 19*z**2 + 11*z - 5. Calculate n(6).
25
Let k(w) = -2*w**3 - 24*w**2 + 35*w + 117. Give k(-13).
0
Let c(h) = -11*h**3 + 8*h**2 - 10*h + 11. Calculate c(3).
-244
Let h(r) = r**2 + 7*r + 53. Give h(-6).
47
Let a(r) = r**2 + 41*r + 405. What is a(-23)?
-9
Let o(b) = -b**3 + 51*b**2 + 171*b - 515. What is o(54)?
-29
Let n(a) = -54*a - 1029. Calculate n(-19).
-3
Let p(n) = -2*n**2 - 12*n + 4. Calculate p(-3).
22
Let o(z) = z**3 + 68*z**2 - 215*z - 138. Calculate o(-71).
4
Let h(m) = -71*m - 1070. Give h(-15).
-5
Let m(c) = -4*c**2 - c + 42. What is m(6)?
-108
Let a(s) = -s**3 - 63*s**2 + 2*s + 104. Calculate a(-63).
-22
Let g(o) = -o**3 - 45*o**2 - 48*o + 137. Determine g(-44).
313
Let m(n) = -n**3 + 35*n**2 + 43*n - 70. Calculate m(36).
182
Let l(g) = -188*g - 927. Give l(-5).
13
Let w(x) = 3*x**2 + 1086*x + 25. What is w(-362)?
25
Let a(o) = 113*o**3 + 9*o**2 + 6*o - 1. What is a(-1)?
-111
Let q(g) = -37*g - 229. Give q(-6).
-7
Let n(a) = 276*a + 601. Give n(-3).
-227
Let i(g) = g**3 - 3*g**2 - 16*g + 30. What is i(5)?
0
Let m(k) = -k**3 + 23*k**2 + 203*k + 180. Calculate m(-6).
6
Let p(b) = 57*b - 185. Give p(5).
100
Let a(v) = -v**3 + 365*v**2 - 733*v + 2541. Determine a(363).
0
Let p(l) = -12*l + 326. Determine p(29).
-22
Let d(h) = -148*h - 2838. What is d(-19)?
-26
Let w(f) = -298*f + 15790. Determine w(53).
-4
Let m(w) = 12*w**2 + 698*w + 116. What is m(-58)?
0
Let q(s) = 42*s + 1061. What is q(-12)?
557
Let o(l) = -351*l - 133. Calculate o(-4).
1271
Let a(j) = j**2 - 76*j + 1383. What is a(32)?
-25
Let n(a) = -24*a**2 - a + 35. Calculate n(4).
-353
Let n(t) = -t**3 + 33*t**2 + 121*t + 22. Calculate n(36).
490
Let l(p) = -14*p + 47. What is l(8)?
-65
Let o(s) = 1203*s + 10810. Calculate o(-9).
-17
Let n(q) = -q**3 - 3*q**2 + 50*q + 185. Determine n(-6).
-7
Let y(b) = b**3 + 7*b**2 - 4*b + 29. Determine y(-9).
-97
Let n(t) = -48*t**2 - 20*t + 6. Give n(-2).
-146
Let v(l) = -4*l**2 + 203*l + 605. Calculate v(-3).
-40
Let d(c) = c**3 + 5*c**2 - 47*c - 225. What is d(-5)?
10
Let w(n) = -516*n - 2581. Give w(-5).
-1
Let b(u) = 202*u - 2222. What is b(11)?
0
Let x(z) = 86*z - 7915. What is x(92)?
-3
Let f(u) = u**2 + 15*u + 83. Calculate f(-26).
369
Let m(j) = 21*j + 226. What is m(-11)?
-5
Let d(m) = 4*m**3 - 7*m**2 + 10*m - 3. Calculate d(5).
372
Let r(c) = -c**3 + 5*c**2 + 6*c + 67. Determine r(8).
-77
Let u(a) = -2*a**3 - 11*a**2 + 10*a - 9. Determine u(-6).
-33
Let g(t) = t**3 - 7*t**2 + 15*t - 116. Calculate g(7).
-11
Let u(t) = t**3 - t**2 - 14*t + 19. What is u(0)?
19
Let n(x) = x**2 + 79*x + 162. What is n(-79)?
162
Let k(c) = 38*c**2 - 21*c + 15. What is k(1)?
32
Let r(m) = 2230*m**2 - 6689*m - 4. Determine r(3).
-1
Let o(h) = 94*h**2 + 55*h - 2. Give o(-1).
37
Let d(r) = 59*r + 1234. Give d(-21).
-5
Let t(x) = 21*x + 1007. What is t(-48)?
-1
Let x(g) = 4*g**3 + 2*g**2 - 18*g + 12. Calculate x(4).
228
Let r(o) = -o**3 - 5*o**2 - 22*o - 110. Determine r(-5).
0
Let m(t) = t**3 - 23*t**2 + 58*t + 89. Calculate m(20).
49
Let n(b) = 27*b + 496. Give n(-17).
37
Let f(a) = -2*a - 287. What is f(7)?
-301
Let x(g) = g**3 + 20*g**2 + 24*g - 45. Calculate x(-6).
315
Let b(m) = -4959*m - 19841. Calculate b(-4).
-5
Let i(a) = 291*a + 12505. Determine i(-43).
-8
Let i(k) = 2*k**2 + 444*k - 10129. What is i(21)?
77
Let o(f) = -39*f**2 - 2458*f - 60. Determine o(-63).
3
Let y(q) = 63*q**2 + 628*q - 43. Calculate y(-10).
-23
Let k(h) = 2*h**2 + 52*h + 4. What is k(-26)?
4
Let b(l) = l**3 - 5*l**2 - 37*l + 130. What is b(3)?
1
Let g(c) = c**3 + 27*c**2 - 7*c - 50. Calculate g(-27).
139
Let q(r) = 122*r + 278. Calculate q(-2).
34
Let u(t) = t**3 + 63*t**2 + 3*t + 212. Calculate u(-63).
23
Let z(d) = d**2 - 168*d + 4946. Determine z(38).
6
Let i(z) = -2*z**2 + 14*z + 87. Determine i(12).
-33
Let c(i) = -i**2 - 12*i - 27. Give c(-12).
-27
Let x(v) = 54*v + 165. Calculate x(-4).
-51
Let x(n) = -367*n - 9877. Determine x(-27).
32
Let p(h) = h**3 + 63*h**2 + 751*h - 41. What is p(-47)?
6
Let f(z) = -z**3 + 21*z**2 - 4*z - 44. Determine f(20).
276
Let t(r) = -r**3 + 75*r**2 - 472*r + 119. Determine t(68).
391
Let z(u) = 2*u**2 + 38*u - 34. Determine z(-20).
6
Let z(i) = 286*i + 3999. Give z(-14).
-5
Let l(w) = -w**3 + 11*w**2 + 30*w - 284. Calculate l(13).
-232
Let v(w) = 5*w**3 - w**2 - 51*w - 50. Give v(-5).
-445
Let n(h) = 538*h + 5919. Give n(-11).
1
Let a(y) = -2*y**3 + 131*y**2 - 69*y + 180. Calculate a(65).
-80
Let q(x) = x**2 - 20*x - 233. Determine q(9).
-332
Let s(w) = w**3 - 18*w**2 - 25. Calculate s(18).
-25
Let n(m) = 2*m**2 - 27*m - 136. Give n(-4).
4
Let n(z) = -18*z**2 - 92*z - 301. Give n(-3).
-187
Let p(r) = -6*r**2 - 246*r - 491. Give p(-2).
-23
Let s(k) = -190*k**2 + 1508*k - 8. What is s(8)?
-104
Let h(v) = -2*v**2 + 14*v + 43. Calculate h(13).
-113
Let t(c) = -19*c - 232. Give t(-24).
224
Let h(o) = -o**3 + 62*o**2 + 56*o + 449. Give h(63).
8
Let g(s) = -s**3 - 4*s**2 + 98*s + 8. Calculate g(8).
24
Let m(r) = 4*r**2 - 266*r + 687. Calculate m(64).
47
Let v(m) = 17*m + 358. Calculate v(-28).
-118
Let s(b) = -3*b**2 + 16*b + 166. Determine s(11).
-21
Let p(t) = -t**3 - 6*t**2 + 49*t + 47. Determine p(-11).
113
Let k(u) = -u**3 + 11*u**2 + 17*u + 15. What is k(12)?
75
Let k(b) = 49*b - 882. What is k(6)?
-588
Let k(z) = 20*z**3 + 74*z**2 - 18*z + 1. Determine k(-4).
-23
Let q(t) = 2*t**3 - 65*t**2 + 348*t + 20. Determine q(6).
200
Let j(z) = -6376*z + 95646. Determine j(15).
6
Let d(m) = 6*m**2 - 253*m - 157. Give d(43).
58
Let k(n) = -n**3 + 14*n**2 